{"id":161,"date":"2022-03-17T23:56:32","date_gmt":"2022-03-17T23:56:32","guid":{"rendered":"https:\/\/www.biochemreg.com\/biyoyaz\/?page_id=161"},"modified":"2025-09-09T13:13:39","modified_gmt":"2025-09-09T10:13:39","slug":"bilimsel-program","status":"publish","type":"page","link":"https:\/\/www.biochemreg.com\/biyoyaz\/bilimsel-program\/","title":{"rendered":"Bilimsel Program"},"content":{"rendered":"\n<section id=\"gm08f8356\" class=\"wp-block-gutentor-m4 section-gm08f8356 gutentor-module gutentor-advanced-columns\"><div class=\"grid-container\"><div class=\"grid-row\">\n<div id=\"col-gm45a821\" class=\"wp-block-gutentor-m4-col col-gm45a821 gutentor-single-column  grid-lg-1 grid-md-12 grid-12\"><div id=\"section-gm45a821\" class=\"section-gm45a821 gutentor-col-wrap\"><\/div><\/div>\n\n\n\n<div id=\"col-gm2b63f2\" class=\"wp-block-gutentor-m4-col col-gm2b63f2 gutentor-single-column  grid-lg-10 grid-md-12 grid-12\"><div id=\"section-gm2b63f2\" class=\"section-gm2b63f2 gutentor-col-wrap\">\n<div class=\"wp-container-69ff784fddc2c wp-block-group\"><div class=\"wp-block-group__inner-container\">\n<h2>Etkinlik Program\u0131<\/h2>\n\n\n\n<h4 class=\"has-vivid-red-color has-text-color\">27 Ekim 2025<\/h4>\n\n\n\n<figure class=\"wp-block-table is-style-stripes\">\n<table>\n<tbody>\n<tr>\n<td>09<sup style=\"font-size: 11px;\">00<\/sup>-10<sup style=\"font-size: 11px;\">15<\/sup><\/td>\n<td>Prof. Dr. Suna T\u0130MUR (Ege \u00dcn.)<br><em>Multiplexed Point-of-Care tan\u0131 sistemlerinde yeni nesil yakla\u015f\u0131mlar: Nanomalzemeler, Ka\u011f\u0131t tabanl\u0131 platformlar ve Yapay zeka entegrasyonu<\/em><\/td>\n<\/tr>\n<tr>\n<td>10<sup style=\"font-size: 11px;\">15<\/sup>-10<sup style=\"font-size: 11px;\">45<\/sup><\/td>\n<td>Kahve Aras\u0131<\/td>\n<\/tr>\n<tr>\n<td>10<sup style=\"font-size: 11px;\">45<\/sup>-11<sup style=\"font-size: 11px;\">45<\/sup><\/td>\n<td>Prof. Dr. Suna T\u0130MUR (Ege \u00dcn.)<br><em>Biyogiri\u015fimcilik ve \u0130novasyon: Akademik \u00c7al\u0131\u015fmadan Startup\u2019a. Bilimsel bulu\u015flar\u0131n ticarile\u015ftirilmesi. Giri\u015fimcilik ekosistemi (\u00fcniversite teknoparklar\u0131, T\u00dcB\u0130TAK, T\u00dcSEB, EU fonlar\u0131). Startup\u2019larda ekip kurma ve yat\u0131r\u0131mc\u0131larla ileti\u015fim.<\/em><\/td>\n<\/tr>\n<tr>\n<td>11<sup style=\"font-size: 11px;\">45<\/sup>-12<sup style=\"font-size: 11px;\">30<\/sup><\/td>\n<td><strong>Gen\u00e7 Ara\u015ft\u0131rmac\u0131lar ile Sohbet Saati-4<\/strong> (Dr. Lokman UZUN)<br><em>Bilimsel makale yaz\u0131m\u0131<\/em><\/td>\n<\/tr>\n<tr>\n<td>12<sup style=\"font-size: 11px;\">30<\/sup>-14<sup style=\"font-size: 11px;\">00<\/sup><\/td>\n<td>\u00d6\u011fle Yeme\u011fi<\/td>\n<\/tr>\n<tr>\n<td>14<sup style=\"font-size: 11px;\">00<\/sup>-15<sup style=\"font-size: 11px;\">00<\/sup><\/td>\n<td>Prof. Dr. Ekrem K\u00d6KSAL (EBY. \u00dcn.)<br><em>AChE ve BChE Enzimleri: Yap\u0131, Fonksiyon ve inhibit\u00f6rlere g\u00fcncel yakla\u015f\u0131mlar<\/em><\/td>\n<\/tr>\n<tr>\n<td>15<sup style=\"font-size: 11px;\">00<\/sup>-15<sup style=\"font-size: 11px;\">30<\/sup><\/td>\n<td>Kahve Aras\u0131<\/td>\n<\/tr>\n<tr>\n<td>15<sup style=\"font-size: 11px;\">30<\/sup>-16<sup style=\"font-size: 11px;\">30<\/sup><\/td>\n<td>Prof. Dr. Ekrem K\u00d6KSAL (EBY. \u00dcn.)<br><em>Antioksidanlar: Biyokimyasal temellerden klinik ve end\u00fcstriyel uygulamalara<\/em><\/td>\n<\/tr>\n<tr>\n<td>16<sup style=\"font-size: 11px;\">30<\/sup>&#8211;<\/td>\n<td>Kapan\u0131\u015f &amp; Temenniler<\/td>\n<\/tr>\n<\/tbody>\n<\/table>\n<\/figure>\n\n\n\n<h4 class=\"has-vivid-red-color has-text-color\">28 Ekim 2025<\/h4>\n\n\n\n<figure class=\"wp-block-table is-style-stripes\"><table><tbody><tr><td>09<sup style=\"font-size: 11px;\">00<\/sup>-10<sup style=\"font-size: 11px;\">00<\/sup><\/td><td>Prof. Dr. Lokman UZUN (Hacettepe \u00dcn.)<br><em>Biyosens\u00f6rler: Tan\u0131ma eleman\u0131, tasar\u0131m\u0131 ve performans (Genel sens\u00f6rler ve y\u00fczey tasar\u0131m \u00f6rnekleri)<\/em><\/td><\/tr><tr><td>10<sup style=\"font-size: 11px;\">00<\/sup>-10<sup style=\"font-size: 11px;\">30<\/sup><\/td><td><strong>Gen\u00e7 Ara\u015ft\u0131rmac\u0131lar ile Sohbet Saati-3<\/strong> (Dr. Mehmet ODABA\u015eI)<br><em>COST ikili i\u015f birli\u011fi projeleri ve partner bulma s\u00fcre\u00e7leri.<\/em><\/td><\/tr><tr><td>10<sup style=\"font-size: 11px;\">30<\/sup>-11<sup style=\"font-size: 11px;\">15<\/sup><\/td><td>Kahve Aras\u0131<\/td><\/tr><tr><td>11<sup style=\"font-size: 11px;\">15<\/sup>-12<sup style=\"font-size: 11px;\">30<\/sup><\/td><td>Prof. Dr. Lokman UZUN (Hacettepe \u00dcn.)<br><em>Molek\u00fcler bask\u0131lamada ara y\u00fcz bask\u0131lama: Teoriler ve genel yakla\u015f\u0131mlar<\/em><\/td><\/tr><tr><td>12<sup style=\"font-size: 11px;\">30<\/sup>-14<sup style=\"font-size: 11px;\">00<\/sup><\/td><td>\u00d6\u011fle Yeme\u011fi<\/td><\/tr><tr><td>14<sup style=\"font-size: 11px;\">00<\/sup>&#8211;<\/td><td>Sosyal etkinlik<\/td><\/tr><\/tbody><\/table><\/figure>\n\n\n\n<h4 class=\"has-vivid-red-color has-text-color\">29 Ekim 2025<\/h4>\n\n\n\n<figure class=\"wp-block-table is-style-stripes\"><table><tbody><tr><td>09<sup style=\"font-size: 11px;\">00<\/sup>-10<sup style=\"font-size: 11px;\">15<\/sup><\/td><td>Prof. Dr. Suna T\u0130MUR (Ege \u00dcn.)<br><em>Multiplexed Point-of-Care tan\u0131 sistemlerinde yeni nesil yakla\u015f\u0131mlar: Nanomalzemeler, Ka\u011f\u0131t tabanl\u0131 platformlar ve Yapay zeka entegrasyonu<\/em><\/td><\/tr><tr><td>10<sup style=\"font-size: 11px;\">15<\/sup>-10<sup style=\"font-size: 11px;\">45<\/sup><\/td><td>Kahve Aras\u0131<\/td><\/tr><tr><td>10<sup style=\"font-size: 11px;\">45<\/sup>-11<sup style=\"font-size: 11px;\">45<\/sup><\/td><td>Prof. Dr. Suna T\u0130MUR (Ege \u00dcn.)<br><em>Biyogiri\u015fimcilik ve \u0130novasyon: Akademik \u00c7al\u0131\u015fmadan Startup\u2019a. Bilimsel bulu\u015flar\u0131n ticarile\u015ftirilmesi. Giri\u015fimcilik ekosistemi (\u00fcniversite teknoparklar\u0131, T\u00dcB\u0130TAK, T\u00dcSEB, EU fonlar\u0131). Startup\u2019larda ekip kurma ve yat\u0131r\u0131mc\u0131larla ileti\u015fim.<\/em><\/td><\/tr><tr><td>11<sup style=\"font-size: 11px;\">45<\/sup>-12<sup style=\"font-size: 11px;\">30<\/sup><\/td><td><strong>Gen\u00e7 Ara\u015ft\u0131rmac\u0131lar ile Sohbet Saati-4<\/strong> (Dr. Lokman UZUN)<br><em>Bilimsel makale yaz\u0131m\u0131<\/em><\/td><\/tr><tr><td>12<sup style=\"font-size: 11px;\">30<\/sup>-14<sup style=\"font-size: 11px;\">00<\/sup><\/td><td>\u00d6\u011fle Yeme\u011fi<\/td><\/tr><tr><td>14<sup style=\"font-size: 11px;\">00<\/sup>-15<sup style=\"font-size: 11px;\">00<\/sup><\/td><td>Prof. Dr. Ekrem K\u00d6KSAL (EBY. \u00dcn.)<br><em>AChE ve BChE Enzimleri: Yap\u0131, Fonksiyon ve inhibit\u00f6rlere g\u00fcncel yakla\u015f\u0131mlar<\/em><\/td><\/tr><tr><td>15<sup style=\"font-size: 11px;\">00<\/sup>-15<sup style=\"font-size: 11px;\">30<\/sup><\/td><td>Kahve Aras\u0131<\/td><\/tr><tr><td>15<sup style=\"font-size: 11px;\">30<\/sup>-16<sup style=\"font-size: 11px;\">30<\/sup><\/td><td>Prof. Dr. Ekrem K\u00d6KSAL (EBY. \u00dcn.)<br><em>Antioksidanlar: Biyokimyasal temellerden klinik ve end\u00fcstriyel uygulamalara<\/em><\/td><\/tr><tr><td>16<sup style=\"font-size: 11px;\">30<\/sup>&#8211;<\/td><td>Kapan\u0131\u015f &amp; Temenniler<\/td><\/tr><\/tbody><\/table><\/figure>\n<\/div><\/div>\n<\/div><\/div>\n\n\n\n<div id=\"col-gm418696\" class=\"wp-block-gutentor-m4-col col-gm418696 gutentor-single-column  grid-lg-1 grid-md-12 grid-12\"><div id=\"section-gm418696\" class=\"section-gm418696 gutentor-col-wrap\"><\/div><\/div>\n<\/div><\/div><\/section>\n","protected":false},"excerpt":{"rendered":"","protected":false},"author":1,"featured_media":0,"parent":0,"menu_order":0,"comment_status":"closed","ping_status":"closed","template":"","meta":[],"yoast_head":"<!-- This site is optimized with the Yoast SEO plugin v18.6 - https:\/\/yoast.com\/wordpress\/plugins\/seo\/ -->\n<title>Bilimsel Program - Biyoyaz Biyokimya Yaz Okulu<\/title>\n<meta name=\"robots\" content=\"index, follow, max-snippet:-1, max-image-preview:large, max-video-preview:-1\" \/>\n<link rel=\"canonical\" href=\"https:\/\/www.biochemreg.com\/biyoyaz\/bilimsel-program\/\" \/>\n<meta property=\"og:locale\" content=\"tr_TR\" \/>\n<meta property=\"og:type\" content=\"article\" \/>\n<meta property=\"og:title\" content=\"Bilimsel Program - Biyoyaz Biyokimya Yaz Okulu\" \/>\n<meta property=\"og:url\" content=\"https:\/\/www.biochemreg.com\/biyoyaz\/bilimsel-program\/\" \/>\n<meta property=\"og:site_name\" content=\"Biyoyaz Biyokimya Yaz Okulu\" \/>\n<meta property=\"article:modified_time\" content=\"2025-09-09T10:13:39+00:00\" \/>\n<meta name=\"twitter:card\" content=\"summary_large_image\" \/>\n<meta name=\"twitter:label1\" content=\"Tahmini okuma s\u00fcresi\" \/>\n\t<meta name=\"twitter:data1\" content=\"3 dakika\" \/>\n<script type=\"application\/ld+json\" class=\"yoast-schema-graph\">{\"@context\":\"https:\/\/schema.org\",\"@graph\":[{\"@type\":\"Organization\",\"@id\":\"https:\/\/www.biochemreg.com\/biyoyaz\/#organization\",\"name\":\"Biyoyaz Biyokimya Yaz Okulu\",\"url\":\"https:\/\/www.biochemreg.com\/biyoyaz\/\",\"sameAs\":[],\"logo\":{\"@type\":\"ImageObject\",\"@id\":\"https:\/\/www.biochemreg.com\/biyoyaz\/#logo\",\"inLanguage\":\"tr\",\"url\":\"https:\/\/www.biochemreg.com\/biyoyaz\/wp-content\/uploads\/2022\/03\/home1.png\",\"contentUrl\":\"https:\/\/www.biochemreg.com\/biyoyaz\/wp-content\/uploads\/2022\/03\/home1.png\",\"width\":1224,\"height\":199,\"caption\":\"Biyoyaz Biyokimya Yaz Okulu\"},\"image\":{\"@id\":\"https:\/\/www.biochemreg.com\/biyoyaz\/#logo\"}},{\"@type\":\"WebSite\",\"@id\":\"https:\/\/www.biochemreg.com\/biyoyaz\/#website\",\"url\":\"https:\/\/www.biochemreg.com\/biyoyaz\/\",\"name\":\"Biyoyaz Biyokimya Yaz Okulu\",\"description\":\"Biyoyaz Biyokimya Yaz Okulu\",\"publisher\":{\"@id\":\"https:\/\/www.biochemreg.com\/biyoyaz\/#organization\"},\"potentialAction\":[{\"@type\":\"SearchAction\",\"target\":{\"@type\":\"EntryPoint\",\"urlTemplate\":\"https:\/\/www.biochemreg.com\/biyoyaz\/?s={search_term_string}\"},\"query-input\":\"required name=search_term_string\"}],\"inLanguage\":\"tr\"},{\"@type\":\"WebPage\",\"@id\":\"https:\/\/www.biochemreg.com\/biyoyaz\/bilimsel-program\/#webpage\",\"url\":\"https:\/\/www.biochemreg.com\/biyoyaz\/bilimsel-program\/\",\"name\":\"Bilimsel Program - Biyoyaz Biyokimya Yaz Okulu\",\"isPartOf\":{\"@id\":\"https:\/\/www.biochemreg.com\/biyoyaz\/#website\"},\"datePublished\":\"2022-03-17T23:56:32+00:00\",\"dateModified\":\"2025-09-09T10:13:39+00:00\",\"breadcrumb\":{\"@id\":\"https:\/\/www.biochemreg.com\/biyoyaz\/bilimsel-program\/#breadcrumb\"},\"inLanguage\":\"tr\",\"potentialAction\":[{\"@type\":\"ReadAction\",\"target\":[\"https:\/\/www.biochemreg.com\/biyoyaz\/bilimsel-program\/\"]}]},{\"@type\":\"BreadcrumbList\",\"@id\":\"https:\/\/www.biochemreg.com\/biyoyaz\/bilimsel-program\/#breadcrumb\",\"itemListElement\":[{\"@type\":\"ListItem\",\"position\":1,\"name\":\"Anasayfa\",\"item\":\"https:\/\/www.biochemreg.com\/biyoyaz\/\"},{\"@type\":\"ListItem\",\"position\":2,\"name\":\"Bilimsel Program\"}]}]}<\/script>\n<!-- \/ Yoast SEO plugin. -->","yoast_head_json":{"title":"Bilimsel Program - Biyoyaz Biyokimya Yaz Okulu","robots":{"index":"index","follow":"follow","max-snippet":"max-snippet:-1","max-image-preview":"max-image-preview:large","max-video-preview":"max-video-preview:-1"},"canonical":"https:\/\/www.biochemreg.com\/biyoyaz\/bilimsel-program\/","og_locale":"tr_TR","og_type":"article","og_title":"Bilimsel Program - Biyoyaz Biyokimya Yaz Okulu","og_url":"https:\/\/www.biochemreg.com\/biyoyaz\/bilimsel-program\/","og_site_name":"Biyoyaz Biyokimya Yaz Okulu","article_modified_time":"2025-09-09T10:13:39+00:00","twitter_card":"summary_large_image","twitter_misc":{"Tahmini okuma s\u00fcresi":"3 dakika"},"schema":{"@context":"https:\/\/schema.org","@graph":[{"@type":"Organization","@id":"https:\/\/www.biochemreg.com\/biyoyaz\/#organization","name":"Biyoyaz Biyokimya Yaz Okulu","url":"https:\/\/www.biochemreg.com\/biyoyaz\/","sameAs":[],"logo":{"@type":"ImageObject","@id":"https:\/\/www.biochemreg.com\/biyoyaz\/#logo","inLanguage":"tr","url":"https:\/\/www.biochemreg.com\/biyoyaz\/wp-content\/uploads\/2022\/03\/home1.png","contentUrl":"https:\/\/www.biochemreg.com\/biyoyaz\/wp-content\/uploads\/2022\/03\/home1.png","width":1224,"height":199,"caption":"Biyoyaz Biyokimya Yaz Okulu"},"image":{"@id":"https:\/\/www.biochemreg.com\/biyoyaz\/#logo"}},{"@type":"WebSite","@id":"https:\/\/www.biochemreg.com\/biyoyaz\/#website","url":"https:\/\/www.biochemreg.com\/biyoyaz\/","name":"Biyoyaz Biyokimya Yaz Okulu","description":"Biyoyaz Biyokimya Yaz Okulu","publisher":{"@id":"https:\/\/www.biochemreg.com\/biyoyaz\/#organization"},"potentialAction":[{"@type":"SearchAction","target":{"@type":"EntryPoint","urlTemplate":"https:\/\/www.biochemreg.com\/biyoyaz\/?s={search_term_string}"},"query-input":"required name=search_term_string"}],"inLanguage":"tr"},{"@type":"WebPage","@id":"https:\/\/www.biochemreg.com\/biyoyaz\/bilimsel-program\/#webpage","url":"https:\/\/www.biochemreg.com\/biyoyaz\/bilimsel-program\/","name":"Bilimsel Program - Biyoyaz Biyokimya Yaz Okulu","isPartOf":{"@id":"https:\/\/www.biochemreg.com\/biyoyaz\/#website"},"datePublished":"2022-03-17T23:56:32+00:00","dateModified":"2025-09-09T10:13:39+00:00","breadcrumb":{"@id":"https:\/\/www.biochemreg.com\/biyoyaz\/bilimsel-program\/#breadcrumb"},"inLanguage":"tr","potentialAction":[{"@type":"ReadAction","target":["https:\/\/www.biochemreg.com\/biyoyaz\/bilimsel-program\/"]}]},{"@type":"BreadcrumbList","@id":"https:\/\/www.biochemreg.com\/biyoyaz\/bilimsel-program\/#breadcrumb","itemListElement":[{"@type":"ListItem","position":1,"name":"Anasayfa","item":"https:\/\/www.biochemreg.com\/biyoyaz\/"},{"@type":"ListItem","position":2,"name":"Bilimsel Program"}]}]}},"_links":{"self":[{"href":"https:\/\/www.biochemreg.com\/biyoyaz\/wp-json\/wp\/v2\/pages\/161"}],"collection":[{"href":"https:\/\/www.biochemreg.com\/biyoyaz\/wp-json\/wp\/v2\/pages"}],"about":[{"href":"https:\/\/www.biochemreg.com\/biyoyaz\/wp-json\/wp\/v2\/types\/page"}],"author":[{"embeddable":true,"href":"https:\/\/www.biochemreg.com\/biyoyaz\/wp-json\/wp\/v2\/users\/1"}],"replies":[{"embeddable":true,"href":"https:\/\/www.biochemreg.com\/biyoyaz\/wp-json\/wp\/v2\/comments?post=161"}],"version-history":[{"count":24,"href":"https:\/\/www.biochemreg.com\/biyoyaz\/wp-json\/wp\/v2\/pages\/161\/revisions"}],"predecessor-version":[{"id":916,"href":"https:\/\/www.biochemreg.com\/biyoyaz\/wp-json\/wp\/v2\/pages\/161\/revisions\/916"}],"wp:attachment":[{"href":"https:\/\/www.biochemreg.com\/biyoyaz\/wp-json\/wp\/v2\/media?parent=161"}],"curies":[{"name":"wp","href":"https:\/\/api.w.org\/{rel}","templated":true}]}}